{"id":5712,"date":"2016-04-06T13:33:02","date_gmt":"2016-04-06T13:33:02","guid":{"rendered":"http:\/\/www.risk21.com\/ca\/?post_type=portfolio&#038;p=5712"},"modified":"2018-11-27T10:05:46","modified_gmt":"2018-11-27T10:05:46","slug":"incendis-emergencies-i-primers-auxilis","status":"publish","type":"portfolio","link":"https:\/\/www.risk21.com\/ca\/cursos-cat\/incendis-emergencies-i-primers-auxilis\/","title":{"rendered":"Incendis i Emerg\u00e8ncies"},"content":{"rendered":"<div class=\"wpb-content-wrapper\"><p>[vc_row][vc_column][vc_empty_space height=&#8221;20px&#8221;][\/vc_column][\/vc_row][vc_row css=&#8221;.vc_custom_1446721174539{padding-top: 10px !important;padding-right: 10px !important;padding-bottom: 10px !important;padding-left: 10px !important;background-color: #f9fafb !important;}&#8221;][vc_column][vc_column_text]<\/p>\n<div class=\"field field-name-field-fecha-inicio-fin field-type-datetime field-label-inline clearfix\"><\/div>\n<div class=\"field field-name-field-formador field-type-text field-label-inline clearfix\">\n<div class=\"field-label\"><strong>Codi:<\/strong> 100.42<\/div>\n<div class=\"field-label\"><\/div>\n<\/div>\n<p>[\/vc_column_text][\/vc_column][\/vc_row][vc_row][vc_column][vc_single_image image=&#8221;4695&#8243; img_size=&#8221;full&#8221; add_caption=&#8221;yes&#8221;][\/vc_column][\/vc_row][vc_row][vc_column][vc_column_text]<\/p>\n<div class=\"field field-name-field-objetivos field-type-text-long field-label-above\">\n<div class=\"field field-name-field-objetivos field-type-text-long field-label-above\">\n<div class=\"field field-name-field-objetivos field-type-text-long field-label-above\">\n<div class=\"field field-name-field-objetivos field-type-text-long field-label-above\">\n<div class=\"field field-name-field-objetivos field-type-text-long field-label-above\">\n<div class=\"field field-name-field-objetivos field-type-text-long field-label-above\">\n<div class=\"field field-name-field-objetivos field-type-text-long field-label-above\">\n<div class=\"field field-name-field-objetivos field-type-text-long field-label-above\">\n<div class=\"field field-name-field-objetivos field-type-text-long field-label-above\">\n<div class=\"field field-name-field-objetivos field-type-text-long field-label-above\">\n<div class=\"field field-name-field-objetivos field-type-text-long field-label-above\">\n<div class=\"field field-name-field-objetivos field-type-text-long field-label-above\">\n<div class=\"field field-name-field-objetivos field-type-text-long field-label-above\">\n<h2 class=\"field-label\">Objectius:<\/h2>\n<div class=\"field-items\">\n<div class=\"field-item even\">\n<p>Formar i informar sobre els criteris i els mitjans d&#8217;actuaci\u00f3 en l&#8217;empresa en cas d&#8217;una emerg\u00e8ncia (incendi, explosi\u00f3, accident, ferits, etc ..). Nocions b\u00e0siques i criteris d&#8217;actuaci\u00f3. Que hem de fer i que no hem de fer.<\/p>\n<\/div>\n<\/div>\n<\/div>\n<div class=\"field field-name-field-destinatarios field-type-text-long field-label-above\">\n<h2 class=\"field-label\">Destinataris:<\/h2>\n<div class=\"field-items\">\n<div class=\"field-item even\">\n<p>Personal membre dels Equips d&#8217;Intervenci\u00f3 designats en el Pla d&#8217;emerg\u00e8ncia de l&#8217;empresa i Personal de l&#8217;empresa a tots els nivells.<\/p>\n<\/div>\n<\/div>\n<\/div>\n<div class=\"field field-name-field-programa field-type-text-long field-label-above\">\n<h2 class=\"field-label\">Programa:<\/h2>\n<div class=\"field-items\">\n<div class=\"field-item even\">\n<ul>\n<li>Extinci\u00f3 d&#8217;incendis i utilitzaci\u00f3 d&#8217;equips d&#8217;extinci\u00f3<\/li>\n<li>Normes d&#8217;actuaci\u00f3 en cas d&#8217;incendi (El Pla d&#8217;emerg\u00e8ncia i evacuaci\u00f3)<\/li>\n<li>Teoria del Foc:<\/li>\n<\/ul>\n<p>El triangle del foc<br \/>\nTipus de foc i mitjans d&#8217;extinci\u00f3 m\u00e9s apropiats<br \/>\nNormativa<br \/>\nExtintors. Tipus<br \/>\nBIE &#8216;s<\/p>\n<\/div>\n<\/div>\n<\/div>\n<div class=\"field field-name-field-medios-didacticos field-type-text-long field-label-above\">\n<h2 class=\"field-label\">Informaci\u00f3 detallada:<\/h2>\n<div class=\"field-items\">\n<div class=\"field-item even\">\n<p><strong>Documentaci\u00f3 :\u00a0<\/strong>Durant el curs, es distribuir\u00e0 als assistents el q\u00fcestionari per verificar l&#8217;aprofitament del curs. Las persones que superen aquest test rebran el CERTIFICAT de APROFITAMENT.<\/p>\n<\/div>\n<\/div>\n<\/div>\n<\/div>\n<\/div>\n<\/div>\n<\/div>\n<\/div>\n<\/div>\n<\/div>\n<\/div>\n<\/div>\n<\/div>\n<\/div>\n<\/div>\n<p>[\/vc_column_text][\/vc_column][\/vc_row]<\/p>\n<\/div>","protected":false},"featured_media":5270,"menu_order":0,"comment_status":"closed","ping_status":"closed","template":"","class_list":["post-5712","portfolio","type-portfolio","status-publish","has-post-thumbnail","hentry","catportfolio-prl-general-cat"],"yoast_head":"<!-- This site is optimized with the Yoast SEO plugin v25.3.1 - https:\/\/yoast.com\/wordpress\/plugins\/seo\/ -->\n<title>Incendis i Emerg\u00e8ncies - Risk XXI<\/title>\n<meta name=\"robots\" content=\"index, follow, max-snippet:-1, max-image-preview:large, max-video-preview:-1\" \/>\n<link rel=\"canonical\" href=\"https:\/\/www.risk21.com\/ca\/cursos-cat\/incendis-emergencies-i-primers-auxilis\/\" \/>\n<meta property=\"og:locale\" content=\"ca_ES\" \/>\n<meta property=\"og:type\" content=\"article\" \/>\n<meta property=\"og:title\" content=\"Incendis i Emerg\u00e8ncies - Risk XXI\" \/>\n<meta property=\"og:description\" content=\"[vc_row][vc_column][vc_empty_space height=&#8221;20px&#8221;][\/vc_column][\/vc_row][vc_row css=&#8221;.vc_custom_1446721174539{padding-top: 10px !important;padding-right: 10px !important;padding-bottom: 10px !important;padding-left: 10px !important;background-color: #f9fafb !important;}&#8221;][vc_column][vc_column_text] Codi: 100.42 [\/vc_column_text][\/vc_column][\/vc_row][vc_row][vc_column][vc_single_image image=&#8221;4695&#8243; img_size=&#8221;full&#8221; add_caption=&#8221;yes&#8221;][\/vc_column][\/vc_row][vc_row][vc_column][vc_column_text] Objectius: Formar i informar sobre els criteris i els mitjans d&#8217;actuaci\u00f3 en l&#8217;empresa en cas d&#8217;una emerg\u00e8ncia (incendi, explosi\u00f3, accident, ferits, etc ..). Nocions b\u00e0siques i criteris d&#8217;actuaci\u00f3. Que hem de fer i que no hemLlegir m\u00e9s\" \/>\n<meta property=\"og:url\" content=\"https:\/\/www.risk21.com\/ca\/cursos-cat\/incendis-emergencies-i-primers-auxilis\/\" \/>\n<meta property=\"og:site_name\" content=\"Risk XXI\" \/>\n<meta property=\"article:modified_time\" content=\"2018-11-27T10:05:46+00:00\" \/>\n<meta property=\"og:image\" content=\"https:\/\/www.risk21.com\/wp-content\/uploads\/2016\/04\/emergencias.jpg\" \/>\n\t<meta property=\"og:image:width\" content=\"1253\" \/>\n\t<meta property=\"og:image:height\" content=\"414\" \/>\n\t<meta property=\"og:image:type\" content=\"image\/jpeg\" \/>\n<meta name=\"twitter:card\" content=\"summary_large_image\" \/>\n<meta name=\"twitter:label1\" content=\"Temps estimat de lectura\" \/>\n\t<meta name=\"twitter:data1\" content=\"1 minut\" \/>\n<script type=\"application\/ld+json\" class=\"yoast-schema-graph\">{\"@context\":\"https:\/\/schema.org\",\"@graph\":[{\"@type\":\"WebPage\",\"@id\":\"https:\/\/www.risk21.com\/ca\/cursos-cat\/incendis-emergencies-i-primers-auxilis\/\",\"url\":\"https:\/\/www.risk21.com\/ca\/cursos-cat\/incendis-emergencies-i-primers-auxilis\/\",\"name\":\"Incendis i Emerg\u00e8ncies - Risk XXI\",\"isPartOf\":{\"@id\":\"https:\/\/www.risk21.com\/#website\"},\"primaryImageOfPage\":{\"@id\":\"https:\/\/www.risk21.com\/ca\/cursos-cat\/incendis-emergencies-i-primers-auxilis\/#primaryimage\"},\"image\":{\"@id\":\"https:\/\/www.risk21.com\/ca\/cursos-cat\/incendis-emergencies-i-primers-auxilis\/#primaryimage\"},\"thumbnailUrl\":\"https:\/\/www.risk21.com\/wp-content\/uploads\/2016\/04\/emergencias.jpg\",\"datePublished\":\"2016-04-06T13:33:02+00:00\",\"dateModified\":\"2018-11-27T10:05:46+00:00\",\"breadcrumb\":{\"@id\":\"https:\/\/www.risk21.com\/ca\/cursos-cat\/incendis-emergencies-i-primers-auxilis\/#breadcrumb\"},\"inLanguage\":\"ca\",\"potentialAction\":[{\"@type\":\"ReadAction\",\"target\":[\"https:\/\/www.risk21.com\/ca\/cursos-cat\/incendis-emergencies-i-primers-auxilis\/\"]}]},{\"@type\":\"ImageObject\",\"inLanguage\":\"ca\",\"@id\":\"https:\/\/www.risk21.com\/ca\/cursos-cat\/incendis-emergencies-i-primers-auxilis\/#primaryimage\",\"url\":\"https:\/\/www.risk21.com\/wp-content\/uploads\/2016\/04\/emergencias.jpg\",\"contentUrl\":\"https:\/\/www.risk21.com\/wp-content\/uploads\/2016\/04\/emergencias.jpg\",\"width\":1253,\"height\":414},{\"@type\":\"BreadcrumbList\",\"@id\":\"https:\/\/www.risk21.com\/ca\/cursos-cat\/incendis-emergencies-i-primers-auxilis\/#breadcrumb\",\"itemListElement\":[{\"@type\":\"ListItem\",\"position\":1,\"name\":\"Portada\",\"item\":\"https:\/\/www.risk21.com\/ca\/\"},{\"@type\":\"ListItem\",\"position\":2,\"name\":\"Incendis i Emerg\u00e8ncies\"}]},{\"@type\":\"WebSite\",\"@id\":\"https:\/\/www.risk21.com\/#website\",\"url\":\"https:\/\/www.risk21.com\/\",\"name\":\"Risk XXI\",\"description\":\"Prl &amp; Services\",\"potentialAction\":[{\"@type\":\"SearchAction\",\"target\":{\"@type\":\"EntryPoint\",\"urlTemplate\":\"https:\/\/www.risk21.com\/?s={search_term_string}\"},\"query-input\":{\"@type\":\"PropertyValueSpecification\",\"valueRequired\":true,\"valueName\":\"search_term_string\"}}],\"inLanguage\":\"ca\"}]}<\/script>\n<!-- \/ Yoast SEO plugin. -->","yoast_head_json":{"title":"Incendis i Emerg\u00e8ncies - Risk XXI","robots":{"index":"index","follow":"follow","max-snippet":"max-snippet:-1","max-image-preview":"max-image-preview:large","max-video-preview":"max-video-preview:-1"},"canonical":"https:\/\/www.risk21.com\/ca\/cursos-cat\/incendis-emergencies-i-primers-auxilis\/","og_locale":"ca_ES","og_type":"article","og_title":"Incendis i Emerg\u00e8ncies - Risk XXI","og_description":"[vc_row][vc_column][vc_empty_space height=&#8221;20px&#8221;][\/vc_column][\/vc_row][vc_row css=&#8221;.vc_custom_1446721174539{padding-top: 10px !important;padding-right: 10px !important;padding-bottom: 10px !important;padding-left: 10px !important;background-color: #f9fafb !important;}&#8221;][vc_column][vc_column_text] Codi: 100.42 [\/vc_column_text][\/vc_column][\/vc_row][vc_row][vc_column][vc_single_image image=&#8221;4695&#8243; img_size=&#8221;full&#8221; add_caption=&#8221;yes&#8221;][\/vc_column][\/vc_row][vc_row][vc_column][vc_column_text] Objectius: Formar i informar sobre els criteris i els mitjans d&#8217;actuaci\u00f3 en l&#8217;empresa en cas d&#8217;una emerg\u00e8ncia (incendi, explosi\u00f3, accident, ferits, etc ..). Nocions b\u00e0siques i criteris d&#8217;actuaci\u00f3. Que hem de fer i que no hemLlegir m\u00e9s","og_url":"https:\/\/www.risk21.com\/ca\/cursos-cat\/incendis-emergencies-i-primers-auxilis\/","og_site_name":"Risk XXI","article_modified_time":"2018-11-27T10:05:46+00:00","og_image":[{"width":1253,"height":414,"url":"https:\/\/www.risk21.com\/wp-content\/uploads\/2016\/04\/emergencias.jpg","type":"image\/jpeg"}],"twitter_card":"summary_large_image","twitter_misc":{"Temps estimat de lectura":"1 minut"},"schema":{"@context":"https:\/\/schema.org","@graph":[{"@type":"WebPage","@id":"https:\/\/www.risk21.com\/ca\/cursos-cat\/incendis-emergencies-i-primers-auxilis\/","url":"https:\/\/www.risk21.com\/ca\/cursos-cat\/incendis-emergencies-i-primers-auxilis\/","name":"Incendis i Emerg\u00e8ncies - Risk XXI","isPartOf":{"@id":"https:\/\/www.risk21.com\/#website"},"primaryImageOfPage":{"@id":"https:\/\/www.risk21.com\/ca\/cursos-cat\/incendis-emergencies-i-primers-auxilis\/#primaryimage"},"image":{"@id":"https:\/\/www.risk21.com\/ca\/cursos-cat\/incendis-emergencies-i-primers-auxilis\/#primaryimage"},"thumbnailUrl":"https:\/\/www.risk21.com\/wp-content\/uploads\/2016\/04\/emergencias.jpg","datePublished":"2016-04-06T13:33:02+00:00","dateModified":"2018-11-27T10:05:46+00:00","breadcrumb":{"@id":"https:\/\/www.risk21.com\/ca\/cursos-cat\/incendis-emergencies-i-primers-auxilis\/#breadcrumb"},"inLanguage":"ca","potentialAction":[{"@type":"ReadAction","target":["https:\/\/www.risk21.com\/ca\/cursos-cat\/incendis-emergencies-i-primers-auxilis\/"]}]},{"@type":"ImageObject","inLanguage":"ca","@id":"https:\/\/www.risk21.com\/ca\/cursos-cat\/incendis-emergencies-i-primers-auxilis\/#primaryimage","url":"https:\/\/www.risk21.com\/wp-content\/uploads\/2016\/04\/emergencias.jpg","contentUrl":"https:\/\/www.risk21.com\/wp-content\/uploads\/2016\/04\/emergencias.jpg","width":1253,"height":414},{"@type":"BreadcrumbList","@id":"https:\/\/www.risk21.com\/ca\/cursos-cat\/incendis-emergencies-i-primers-auxilis\/#breadcrumb","itemListElement":[{"@type":"ListItem","position":1,"name":"Portada","item":"https:\/\/www.risk21.com\/ca\/"},{"@type":"ListItem","position":2,"name":"Incendis i Emerg\u00e8ncies"}]},{"@type":"WebSite","@id":"https:\/\/www.risk21.com\/#website","url":"https:\/\/www.risk21.com\/","name":"Risk XXI","description":"Prl &amp; Services","potentialAction":[{"@type":"SearchAction","target":{"@type":"EntryPoint","urlTemplate":"https:\/\/www.risk21.com\/?s={search_term_string}"},"query-input":{"@type":"PropertyValueSpecification","valueRequired":true,"valueName":"search_term_string"}}],"inLanguage":"ca"}]}},"_links":{"self":[{"href":"https:\/\/www.risk21.com\/ca\/wp-json\/wp\/v2\/portfolio\/5712","targetHints":{"allow":["GET"]}}],"collection":[{"href":"https:\/\/www.risk21.com\/ca\/wp-json\/wp\/v2\/portfolio"}],"about":[{"href":"https:\/\/www.risk21.com\/ca\/wp-json\/wp\/v2\/types\/portfolio"}],"replies":[{"embeddable":true,"href":"https:\/\/www.risk21.com\/ca\/wp-json\/wp\/v2\/comments?post=5712"}],"wp:featuredmedia":[{"embeddable":true,"href":"https:\/\/www.risk21.com\/ca\/wp-json\/wp\/v2\/media\/5270"}],"wp:attachment":[{"href":"https:\/\/www.risk21.com\/ca\/wp-json\/wp\/v2\/media?parent=5712"}],"curies":[{"name":"wp","href":"https:\/\/api.w.org\/{rel}","templated":true}]}}

Incendis i Emergències

<div class="wpb-content-wrapper"><p>[vc_row][vc_column][vc_empty_space height=&#8221;20px&#8221;][/vc_column][/vc_row][vc_row css=&#8221;.vc_custom_1446721174539{padding-top: 10px !important;padding-right: 10px !important;padding-bottom: 10px !important;padding-left: 10px !important;background-color: #f9fafb !important;}&#8221;][vc_column][vc_column_text]</p>
<div class="field field-name-field-fecha-inicio-fin field-type-datetime field-label-inline clearfix"></div>
<div class="field field-name-field-formador field-type-text field-label-inline clearfix">
<div class="field-label"><strong>Codi:</strong> 100.42</div>
<div class="field-label"></div>
</div>
<p>[/vc_column_text][/vc_column][/vc_row][vc_row][vc_column][vc_single_image image=&#8221;4695&#8243; img_size=&#8221;full&#8221; add_caption=&#8221;yes&#8221;][/vc_column][/vc_row][vc_row][vc_column][vc_column_text]</p>
<div class="field field-name-field-objetivos field-type-text-long field-label-above">
<div class="field field-name-field-objetivos field-type-text-long field-label-above">
<div class="field field-name-field-objetivos field-type-text-long field-label-above">
<div class="field field-name-field-objetivos field-type-text-long field-label-above">
<div class="field field-name-field-objetivos field-type-text-long field-label-above">
<div class="field field-name-field-objetivos field-type-text-long field-label-above">
<div class="field field-name-field-objetivos field-type-text-long field-label-above">
<div class="field field-name-field-objetivos field-type-text-long field-label-above">
<div class="field field-name-field-objetivos field-type-text-long field-label-above">
<div class="field field-name-field-objetivos field-type-text-long field-label-above">
<div class="field field-name-field-objetivos field-type-text-long field-label-above">
<div class="field field-name-field-objetivos field-type-text-long field-label-above">
<div class="field field-name-field-objetivos field-type-text-long field-label-above">
<h2 class="field-label">Objectius:</h2>
<div class="field-items">
<div class="field-item even">
<p>Formar i informar sobre els criteris i els mitjans d&#8217;actuació en l&#8217;empresa en cas d&#8217;una emergència (incendi, explosió, accident, ferits, etc ..). Nocions bàsiques i criteris d&#8217;actuació. Que hem de fer i que no hem de fer.</p>
</div>
</div>
</div>
<div class="field field-name-field-destinatarios field-type-text-long field-label-above">
<h2 class="field-label">Destinataris:</h2>
<div class="field-items">
<div class="field-item even">
<p>Personal membre dels Equips d&#8217;Intervenció designats en el Pla d&#8217;emergència de l&#8217;empresa i Personal de l&#8217;empresa a tots els nivells.</p>
</div>
</div>
</div>
<div class="field field-name-field-programa field-type-text-long field-label-above">
<h2 class="field-label">Programa:</h2>
<div class="field-items">
<div class="field-item even">
<ul>
<li>Extinció d&#8217;incendis i utilització d&#8217;equips d&#8217;extinció</li>
<li>Normes d&#8217;actuació en cas d&#8217;incendi (El Pla d&#8217;emergència i evacuació)</li>
<li>Teoria del Foc:</li>
</ul>
<p>El triangle del foc<br />
Tipus de foc i mitjans d&#8217;extinció més apropiats<br />
Normativa<br />
Extintors. Tipus<br />
BIE &#8216;s</p>
</div>
</div>
</div>
<div class="field field-name-field-medios-didacticos field-type-text-long field-label-above">
<h2 class="field-label">Informació detallada:</h2>
<div class="field-items">
<div class="field-item even">
<p><strong>Documentació : </strong>Durant el curs, es distribuirà als assistents el qüestionari per verificar l&#8217;aprofitament del curs. Las persones que superen aquest test rebran el CERTIFICAT de APROFITAMENT.</p>
</div>
</div>
</div>
</div>
</div>
</div>
</div>
</div>
</div>
</div>
</div>
</div>
</div>
</div>
</div>
<p>[/vc_column_text][/vc_column][/vc_row]</p>
</div>

<!-- This site is optimized with the Yoast SEO plugin v25.3.1 - https://yoast.com/wordpress/plugins/seo/ -->
<title>Incendis i Emergències - Risk XXI</title>
<meta name="robots" content="index, follow, max-snippet:-1, max-image-preview:large, max-video-preview:-1" />
<link rel="canonical" href="https://www.risk21.com/ca/cursos-cat/incendis-emergencies-i-primers-auxilis/" />
<meta property="og:locale" content="ca_ES" />
<meta property="og:type" content="article" />
<meta property="og:title" content="Incendis i Emergències - Risk XXI" />
<meta property="og:description" content="[vc_row][vc_column][vc_empty_space height=&#8221;20px&#8221;][/vc_column][/vc_row][vc_row css=&#8221;.vc_custom_1446721174539{padding-top: 10px !important;padding-right: 10px !important;padding-bottom: 10px !important;padding-left: 10px !important;background-color: #f9fafb !important;}&#8221;][vc_column][vc_column_text] Codi: 100.42 [/vc_column_text][/vc_column][/vc_row][vc_row][vc_column][vc_single_image image=&#8221;4695&#8243; img_size=&#8221;full&#8221; add_caption=&#8221;yes&#8221;][/vc_column][/vc_row][vc_row][vc_column][vc_column_text] Objectius: Formar i informar sobre els criteris i els mitjans d&#8217;actuació en l&#8217;empresa en cas d&#8217;una emergència (incendi, explosió, accident, ferits, etc ..). Nocions bàsiques i criteris d&#8217;actuació. Que hem de fer i que no hemLlegir més" />
<meta property="og:url" content="https://www.risk21.com/ca/cursos-cat/incendis-emergencies-i-primers-auxilis/" />
<meta property="og:site_name" content="Risk XXI" />
<meta property="article:modified_time" content="2018-11-27T10:05:46+00:00" />
<meta property="og:image" content="https://www.risk21.com/wp-content/uploads/2016/04/emergencias.jpg" />
	<meta property="og:image:width" content="1253" />
	<meta property="og:image:height" content="414" />
	<meta property="og:image:type" content="image/jpeg" />
<meta name="twitter:card" content="summary_large_image" />
<meta name="twitter:label1" content="Temps estimat de lectura" />
	<meta name="twitter:data1" content="1 minut" />
<script type="application/ld+json" class="yoast-schema-graph">{"@context":"https://schema.org","@graph":[{"@type":"WebPage","@id":"https://www.risk21.com/ca/cursos-cat/incendis-emergencies-i-primers-auxilis/","url":"https://www.risk21.com/ca/cursos-cat/incendis-emergencies-i-primers-auxilis/","name":"Incendis i Emergències - Risk XXI","isPartOf":{"@id":"https://www.risk21.com/#website"},"primaryImageOfPage":{"@id":"https://www.risk21.com/ca/cursos-cat/incendis-emergencies-i-primers-auxilis/#primaryimage"},"image":{"@id":"https://www.risk21.com/ca/cursos-cat/incendis-emergencies-i-primers-auxilis/#primaryimage"},"thumbnailUrl":"https://www.risk21.com/wp-content/uploads/2016/04/emergencias.jpg","datePublished":"2016-04-06T13:33:02+00:00","dateModified":"2018-11-27T10:05:46+00:00","breadcrumb":{"@id":"https://www.risk21.com/ca/cursos-cat/incendis-emergencies-i-primers-auxilis/#breadcrumb"},"inLanguage":"ca","potentialAction":[{"@type":"ReadAction","target":["https://www.risk21.com/ca/cursos-cat/incendis-emergencies-i-primers-auxilis/"]}]},{"@type":"ImageObject","inLanguage":"ca","@id":"https://www.risk21.com/ca/cursos-cat/incendis-emergencies-i-primers-auxilis/#primaryimage","url":"https://www.risk21.com/wp-content/uploads/2016/04/emergencias.jpg","contentUrl":"https://www.risk21.com/wp-content/uploads/2016/04/emergencias.jpg","width":1253,"height":414},{"@type":"BreadcrumbList","@id":"https://www.risk21.com/ca/cursos-cat/incendis-emergencies-i-primers-auxilis/#breadcrumb","itemListElement":[{"@type":"ListItem","position":1,"name":"Portada","item":"https://www.risk21.com/ca/"},{"@type":"ListItem","position":2,"name":"Incendis i Emergències"}]},{"@type":"WebSite","@id":"https://www.risk21.com/#website","url":"https://www.risk21.com/","name":"Risk XXI","description":"Prl &amp; Services","potentialAction":[{"@type":"SearchAction","target":{"@type":"EntryPoint","urlTemplate":"https://www.risk21.com/?s={search_term_string}"},"query-input":{"@type":"PropertyValueSpecification","valueRequired":true,"valueName":"search_term_string"}}],"inLanguage":"ca"}]}</script>
<!-- / Yoast SEO plugin. -->

Incendis i Emergències - Risk XXI

[vc_row][vc_column][vc_empty_space height=&#8221;20px&#8221;][/vc_column][/vc_row][vc_row css=&#8221;.vc_custom_1446721174539{padding-top: 10px !important;padding-right: 10px !important;padding-bottom: 10px !important;padding-left: 10px !important;background-color: #f9fafb !important;}&#8221;][vc_column][vc_column_text] Codi: 100.42 [/vc_column_text][/vc_column][/vc_row][vc_row][vc_column][vc_single_image image=&#8221;4695&#8243; img_size=&#8221;full&#8221; add_caption=&#8221;yes&#8221;][/vc_column][/vc_row][vc_row][vc_column][vc_column_text] Objectius: Formar i informar sobre els criteris i els mitjans d&#8217;actuació en l&#8217;empresa en cas d&#8217;una emergència (incendi, explosió, accident, ferits, etc ..). Nocions bàsiques i criteris d&#8217;actuació. Que hem de fer i que no hemLlegir més
